 0 = 3*b + 2*w - 10, -4*w + 8*w - 16 = -4*b. Let s be (-1 + -4)/(10 - 11). Calculate the greatest common divisor of s and b.
1
Let a be 4/(-8)*4*5. Let k = 9 + a. Let j be k + (-4)/(-4) + 5. Calculate the highest common factor of 40 and j.
5
Let w(t) = -t**3 + 20*t**2 - t + 26. Let z be w(20). Suppose -4*m + 14 = -46. Let n = m + 0. What is the greatest common divisor of n and z?
3
Suppose 0 = 2*h - 4*z - 430, 3*h - 290 - 328 = -3*z. Suppose 0*s + 6 = -3*s, 3*s + 25 = j. What is the greatest common divisor of j and h?
19
Suppose -315*r + 318*r - 99 = 0. What is the highest common factor of r and 121?
11
Let d(b) = -b - 1. Let q(g) = 103*g + 4. Let s(c) = -6*d(c) - q(c). Let p = 632 + -633. Let w be s(p). Calculate the highest common divisor of 9 and w.
9
Let n(h) = 16*h + 1. Let p be n(2). Let w = -23 + p. What is the greatest common factor of w and 90?
10
Suppose 0 = 4*f, 0 = m - 4*f - 27 - 23. What is the highest common factor of 90 and m?
10
Let j(f) = 5*f - 147. Let a be j(39). Calculate the highest common divisor of 384 and a.
48
Suppose 111 = 4*y + 5*r, -19 = 2*y - 3*y - 3*r. What is the greatest common factor of y and 85?
17
Let k = 39 - 65. Let j = k + 37. Suppose 0 = -0*l + l - 77. What is the greatest common factor of j and l?
11
Let y(o) = -o**2 - 23*o + 74. Let l be y(-22). What is the highest common factor of l and 6?
6
Suppose 2*a - 5*a = -15. Let r be (5 + -1)*((-93)/(-12) + -4). What is the highest common factor of r and a?
5
Let z = -99 - -101. What is the highest common factor of z and 214?
2
Let k = 16 - -4. Let a = -223 + 243. What is the greatest common factor of a and k?
20
Suppose 0 = -5*i + 27 - 7. Calculate the greatest common divisor of 124 and i.
4
Let y = -23 - -55. Suppose h = -3*h + y. Let k = -4 - -28. What is the highest common factor of h and k?
8
Suppose 4*d - 35 = 9*d. Let w be 1 + 77 - (d - -4). Calculate the greatest common factor of 9 and w.
9
Suppose 4*k + 955 = -k. Let o = 352 + k. What is the greatest common divisor of o and 23?
23
Let l be (-1)/((-104)/103 + 1/1). Let a = 122 - l. Let h be 55 + 1/(-2)*-4. Calculate the highest common factor of a and h.
19
Suppose l - 2*q = 117, 7*l - 2*q - 244 = 5*l. Let x = l + -95. What is the highest common divisor of 24 and x?
8
Suppose 3*p + 1029 = 2*y, 3*p - 3*y = -0*p - 1032. Let j = 530 + p. Calculate the highest common factor of j and 21.
21
Suppose -2*m = -2*p + 3894, p - 2*m - 1654 = 297. Calculate the highest common divisor of 67 and p.
67
Suppose 3 = 3*s - 0, 4*n - 163 = 5*s. Let p be 27*(-4 - n/(-9)). What is the greatest common factor of 9 and p?
9
Let q(p) = p**2 + 6*p - 6. Let o be q(-9). Suppose -5*n + 19 + 926 = 0. Calculate the greatest common factor of n and o.
21
Let q = -87 - -113. Let c(k) = 667*k**2 + k - 1. Let w be c(1). Let r = w - 381. What is the greatest common divisor of r and q?
26
Suppose 0 = 3*v - 5*n - 748, 3*n = -7 - 8. Let f = v - -14. Suppose 3*w = u + 283, -3*w + 3*u + 24 + f = 0. Calculate the highest common divisor of w and 38.
19
Let j = 18 - 18. Let i(k) = -2*k + 5. Let d be i(j). Suppose 0 = d*f - 4 - 6. Calculate the highest common divisor of 8 and f.
2
Let h be 248 - (8 + (5 - 5)). What is the highest common divisor of 300 and h?
60
Suppose 0 = 7*i + 20*i - 567. What is the highest common divisor of i and 217?
7
Let n(r) = r**2 - r + 20. Let q be n(0). Let c(g) = g**2 - 2*g + 5. Let b be c(3). What is the greatest common divisor of b and q?
4
Suppose 2*z = 3*h + 13, 0 = -3*h - 0 - 9. Suppose 0 = -5*b + 4*a + 69, z*b + 2 = -2*a + 26. What is the highest common factor of 117 and b?
13
Let k = 255 - 135. Suppose -6 = 2*b - 4*b. Let p be (5 - (2 - 2))*b. Calculate the greatest common divisor of k and p.
15
Suppose z + 12 = -3*k - 2*z, -5*z = 20. Suppose 17*t - 13*t = k. Suppose 3*j + 9 - 45 = t. Calculate the highest common factor of 2 and j.
2
Let y = 1570 - 1489. Calculate the highest common divisor of 432 and y.
27
Let n(k) = 5*k**2 - 6*k + 17. Let o be n(3). Calculate the highest common factor of o and 100.
4
Suppose 2*k - 2*s = 74, -38*k + 36*k + 66 = -4*s. Calculate the greatest common divisor of 164 and k.
41
Suppose 23 - 49 = -2*j. Suppose -5*s - 5 = 0, -4*l + 7*l = s + j. Suppose w - 16 = 4*n, -n + 2 = -1. What is the greatest common factor of w and l?
4
Let y be (159/(-6))/((-3)/6). Let d = y - 31. Calculate the greatest common divisor of d and 22.
22
Suppose -22*w - 365 = -1179. Calculate the greatest common factor of w and 1591.
37
Suppose -16*j - 2184 = -29*j. What is the highest common divisor of 210 and j?
42
Let l(f) = 2*f + 8 + 2 + 0*f + 6. Let h be l(10). What is the highest common divisor of 4 and h?
4
Suppose 8 - 12 = 2*s. Suppose -2*l = -4*l + 5*u + 90, 66 = 2*l + u. Let g be 6/s + l + 0. Calculate the greatest common factor of g and 8.
8
Suppose -5*h + 162*b - 166*b = -216, 0 = -2*h - 4*b + 96. What is the greatest common factor of h and 232?
8
Let z(v) = v**3 + 9*v**2 + 4*v - 17. Let j be z(-8). Let p(t) = t**3 + 6*t**2 - 2*t - 6. Let o be p(-6). What is the highest common divisor of j and o?
3
Let y be 20*(16/20)/(-2). Let w be 47 + y/(-4) + -4. Let l = -30 + w. Calculate the highest common divisor of 6 and l.
3
Suppose 0 = -o + 635 - 596. Calculate the highest common divisor of o and 156.
39
Let z(r) be the third derivative of r**5/20 + 7*r**4/24 - 73*r**3/6 - r**2 + 6. Let l be z(8). Calculate the highest common divisor of l and 7.
7
Let a be (-5 + -17 + 5)*(-11)/11. Suppose 3*n - n - 136 = 0. What is the greatest common factor of n and a?
17
Let z be (-32)/(-6)*1*63/42. Let x be (1 - 0) + 10 + 9. What is the greatest common factor of x and z?
4
Let p be (-3)/(2 - (-60)/(-32)). Let u = p + 30. What is the greatest common divisor of u and 18?
6
Suppose j - 19 = -1. Suppose 22*u - 10*u = 1728. Calculate the highest common divisor of u and j.
18
Let r(v) = -2*v**3 - 4*v**2 - v + 1. Let w be r(-5). Let j = -104 + w. Calculate the greatest common factor of 78 and j.
26
Let j be (-63)/2 - (-12)/8. Let q be ((-44)/(-55))/((-4)/j). What is the highest common factor of q and 6?
6
Let k be (-358)/(-3) + 12/18. Suppose 0*o = o - 24. What is the greatest common divisor of o and k?
24
Suppose 4092 = 16*a + 32*a - 17*a. Suppose 0 = 5*w - 3*m - 168, -167 = -5*w - 2*m + 4*m. What is the highest common divisor of w and a?
33
Let v(c) = c**3 + 3*c**2 - 11*c - 2. Let u be v(-5). What is the highest common divisor of u and 57?
3
Suppose -18*p = 562 - 1858. What is the highest common factor of p and 192?
24
Suppose 74*f = 72*f + 60. Let p(k) = -k - 1. Let r be p(-3). Suppose -4*j + 5 = -l - 6, r*l = -5*j + f. Calculate the greatest common factor of j and 20.
4
Let q = -64 - -296. Suppose 10*m = 15*m - 145. What is the greatest common factor of m and q?
29
Suppose -23 = -4*v - 5*h, -5*h + 10 = 3*v - 11. Let w be (5 + 0 - 5) + 2/v. Calculate the greatest common divisor of 8 and w.
1
Let w(h) be the second derivative of -5*h - 1/6*h**3 + 0 + 20*h**2. Let o be w(0). Calculate the greatest common divisor of 8 and o.
8
Let w = -3 + 6. Suppose 0 = -2*n - 10, w*n + 186 = -2*t + 3*t. Let d = 246 - t. Calculate the greatest common divisor of 30 and d.
15
Let d be 0 + 5 + 89 - -2. Let n = -2 + 2. Suppose -60 = -5*j - n*j. Calculate the greatest common factor of d and j.
12
Let g(z) be the third derivative of -z**6/120 - z**5/60 + z**4/24 + 15*z**3/2 - 31*z**2. Let x be g(0). What is the greatest common factor of 5 and x?
5
Let k be 3 + ((-56)/(-4) - 7). Calculate the highest common factor of k and 230.
10
Let k(o) = -o + 54. Let n be k(13). What is the greatest common divisor of 41 and n?
41
Suppose -270 = 2*i - 29*i. What is the greatest common factor of i and 490?
10
Let f be -1*3/(-6)*10. Suppose o - f*w - 63 = -2, 3*w = -3*o + 165. What is the greatest common factor of 14 and o?
14
Let y be (-15 - -10) + (-45)/6*-24. What is the highest common divisor of y and 200?
25
Let u = 761 - 722. What is the greatest common divisor of u and 208?
13
Let o = -561 - -1210. What is the greatest common factor of 11 and o?
11
Let p be 11/3 - 10/(-30). Suppose p*x - 43 + 11 = 0. Suppose -83 + 3 = -2*t. What is the greatest common divisor of x and t?
8
Suppose 2*s - 3*u - 24 = 0, -7 = -2*s - 5*u - 15. Suppose 4*o + 176 = 4*z, 5*z - o = o + 2